{"id":45,"date":"2022-07-04T16:19:58","date_gmt":"2022-07-04T14:19:58","guid":{"rendered":"http:\/\/www.lanuitdesours.lautre.net\/?page_id=45"},"modified":"2025-08-02T17:53:38","modified_gmt":"2025-08-02T15:53:38","slug":"a-propos","status":"publish","type":"page","link":"https:\/\/lanuitdesours.lautre.net\/?page_id=45","title":{"rendered":"A propos"},"content":{"rendered":"\n<p class=\"wp-block-paragraph\">L\u2019association <strong>LA NUIT DES OURS<\/strong> a pour objet le d\u00e9veloppement et la promotion de l\u2019\u00e9v\u00e9nement <strong><strong>LA NUIT DES OURS<\/strong><\/strong> \u00e0 Vallorcine &#8211; la vall\u00e9e des ours. Sa vocation est de f\u00e9d\u00e9rer, valoriser, cr\u00e9er et accueillir autour des th\u00e8mes de la nature et des arts, en particulier les arts du chemin et le spectacle vivant. Le respect de la nature et des paysages est un principe essentiel de l&rsquo;association. <\/p>\n\n\n\n<figure class=\"wp-block-image\"><img decoding=\"async\" src=\"https:\/\/www.helloasso.com\/assets\/img\/photos\/rester-vivant j1-8853bae7160e400fb268bb9903b676a7.jpg\" alt=\"\"\/><figcaption class=\"wp-element-caption\">Cr\u00e9dits photo : Kyo Acerbis Kitayama, Nina Bompard<\/figcaption><\/figure>\n\n\n\n<div class=\"wp-block-buttons is-content-justification-left is-layout-flex wp-container-core-buttons-is-layout-63375db1 wp-block-buttons-is-layout-flex\">\n<div class=\"wp-block-button is-style-outline is-style-outline--1\"><a class=\"wp-block-button__link wp-element-button\" href=\"https:\/\/nuit-des-ours.com\/a-propos\/charte-de-la-nuit-des-ours\/\" style=\"border-radius:0px\">CHARTE DE L&rsquo;ASSOCIATION<\/a><\/div>\n\n\n\n<div class=\"wp-block-button is-style-outline is-style-outline--2\"><a class=\"wp-block-button__link wp-element-button\" href=\"https:\/\/www.helloasso.com\/associations\/la-nuit-des-ours\/adhesions\/la-nuit-des-ours-adhesion-annuelle-2025\" style=\"border-radius:0px\">ADH\u00c9RER SUR HELLOASSO<\/a><\/div>\n<\/div>\n","protected":false},"excerpt":{"rendered":"<p>L\u2019association LA NUIT DES OURS a pour objet le d\u00e9veloppement et la promotion de l\u2019\u00e9v\u00e9nement LA NUIT DES OURS \u00e0 Vallorcine &#8211; la vall\u00e9e des &hellip;<\/p>\n","protected":false},"author":1,"featured_media":51,"parent":0,"menu_order":3,"comment_status":"closed","ping_status":"closed","template":"","meta":{"footnotes":""},"class_list":["post-45","page","type-page","status-publish","has-post-thumbnail","hentry"],"yoast_head":"<!-- This site is optimized with the Yoast SEO plugin v28.3 - https:\/\/yoast.com\/product\/yoast-seo-wordpress\/ -->\n<title>A propos de l&#039;association - La Nuit des Ours<\/title>\n<meta name=\"description\" content=\"L\u2019association a pour objet le d\u00e9veloppement et la promotion de l\u2019\u00e9v\u00e9nement culturel LA NUIT DES OURS \u00e0 Vallorcine, la vall\u00e9e des ours.\" \/>\n<meta name=\"robots\" content=\"index, follow, max-snippet:-1, max-image-preview:large, max-video-preview:-1\" \/>\n<link rel=\"canonical\" href=\"https:\/\/lanuitdesours.lautre.net\/?page_id=45\" \/>\n<meta property=\"og:locale\" content=\"fr_FR\" \/>\n<meta property=\"og:type\" content=\"article\" \/>\n<meta property=\"og:title\" content=\"A propos de l&#039;association - La Nuit des Ours\" \/>\n<meta property=\"og:description\" content=\"L\u2019association a pour objet le d\u00e9veloppement et la promotion de l\u2019\u00e9v\u00e9nement culturel LA NUIT DES OURS \u00e0 Vallorcine, la vall\u00e9e des ours.\" \/>\n<meta property=\"og:url\" content=\"https:\/\/lanuitdesours.lautre.net\/?page_id=45\" \/>\n<meta property=\"og:site_name\" content=\"La Nuit des Ours\" \/>\n<meta property=\"article:publisher\" content=\"https:\/\/www.facebook.com\/lanuitdesours\/\" \/>\n<meta property=\"article:modified_time\" content=\"2025-08-02T15:53:38+00:00\" \/>\n<meta property=\"og:image\" content=\"https:\/\/lanuitdesours.lautre.net\/wp-content\/uploads\/2022\/07\/358-scaled.jpg\" \/>\n\t<meta property=\"og:image:width\" content=\"2560\" \/>\n\t<meta property=\"og:image:height\" content=\"1707\" \/>\n\t<meta property=\"og:image:type\" content=\"image\/jpeg\" \/>\n<meta name=\"twitter:card\" content=\"summary_large_image\" \/>\n<meta name=\"twitter:label1\" content=\"Dur\u00e9e de lecture estim\u00e9e\" \/>\n\t<meta name=\"twitter:data1\" content=\"1 minute\" \/>\n<script type=\"application\/ld+json\" class=\"yoast-schema-graph\">{\"@context\":\"https:\\\/\\\/schema.org\",\"@graph\":[{\"@type\":\"WebPage\",\"@id\":\"https:\\\/\\\/lanuitdesours.lautre.net\\\/?page_id=45\",\"url\":\"https:\\\/\\\/lanuitdesours.lautre.net\\\/?page_id=45\",\"name\":\"A propos de l'association - La Nuit des Ours\",\"isPartOf\":{\"@id\":\"https:\\\/\\\/lanuitdesours.lautre.net\\\/#website\"},\"primaryImageOfPage\":{\"@id\":\"https:\\\/\\\/lanuitdesours.lautre.net\\\/?page_id=45#primaryimage\"},\"image\":{\"@id\":\"https:\\\/\\\/lanuitdesours.lautre.net\\\/?page_id=45#primaryimage\"},\"thumbnailUrl\":\"https:\\\/\\\/lanuitdesours.lautre.net\\\/wp-content\\\/uploads\\\/2022\\\/07\\\/358-scaled.jpg\",\"datePublished\":\"2022-07-04T14:19:58+00:00\",\"dateModified\":\"2025-08-02T15:53:38+00:00\",\"description\":\"L\u2019association a pour objet le d\u00e9veloppement et la promotion de l\u2019\u00e9v\u00e9nement culturel LA NUIT DES OURS \u00e0 Vallorcine, la vall\u00e9e des ours.\",\"breadcrumb\":{\"@id\":\"https:\\\/\\\/lanuitdesours.lautre.net\\\/?page_id=45#breadcrumb\"},\"inLanguage\":\"fr-FR\",\"potentialAction\":[{\"@type\":\"ReadAction\",\"target\":[\"https:\\\/\\\/lanuitdesours.lautre.net\\\/?page_id=45\"]}]},{\"@type\":\"ImageObject\",\"inLanguage\":\"fr-FR\",\"@id\":\"https:\\\/\\\/lanuitdesours.lautre.net\\\/?page_id=45#primaryimage\",\"url\":\"https:\\\/\\\/lanuitdesours.lautre.net\\\/wp-content\\\/uploads\\\/2022\\\/07\\\/358-scaled.jpg\",\"contentUrl\":\"https:\\\/\\\/lanuitdesours.lautre.net\\\/wp-content\\\/uploads\\\/2022\\\/07\\\/358-scaled.jpg\",\"width\":2560,\"height\":1707,\"caption\":\"Cr\u00e9dit photo: Nina Bompard\"},{\"@type\":\"BreadcrumbList\",\"@id\":\"https:\\\/\\\/lanuitdesours.lautre.net\\\/?page_id=45#breadcrumb\",\"itemListElement\":[{\"@type\":\"ListItem\",\"position\":1,\"name\":\"Accueil\",\"item\":\"https:\\\/\\\/lanuitdesours.lautre.net\\\/\"},{\"@type\":\"ListItem\",\"position\":2,\"name\":\"A propos\"}]},{\"@type\":\"WebSite\",\"@id\":\"https:\\\/\\\/lanuitdesours.lautre.net\\\/#website\",\"url\":\"https:\\\/\\\/lanuitdesours.lautre.net\\\/\",\"name\":\"La Nuit des Ours\",\"description\":\"CR\u00c9ER C&#039;EST R\u00c9SISTER | R\u00c9SISTER C&#039;EST CR\u00c9ER\",\"publisher\":{\"@id\":\"https:\\\/\\\/lanuitdesours.lautre.net\\\/#organization\"},\"potentialAction\":[{\"@type\":\"SearchAction\",\"target\":{\"@type\":\"EntryPoint\",\"urlTemplate\":\"https:\\\/\\\/lanuitdesours.lautre.net\\\/?s={search_term_string}\"},\"query-input\":{\"@type\":\"PropertyValueSpecification\",\"valueRequired\":true,\"valueName\":\"search_term_string\"}}],\"inLanguage\":\"fr-FR\"},{\"@type\":\"Organization\",\"@id\":\"https:\\\/\\\/lanuitdesours.lautre.net\\\/#organization\",\"name\":\"Association LA NUIT DES OURS\",\"url\":\"https:\\\/\\\/lanuitdesours.lautre.net\\\/\",\"logo\":{\"@type\":\"ImageObject\",\"inLanguage\":\"fr-FR\",\"@id\":\"https:\\\/\\\/lanuitdesours.lautre.net\\\/#\\\/schema\\\/logo\\\/image\\\/\",\"url\":\"https:\\\/\\\/nuit-des-ours.com\\\/wp-content\\\/uploads\\\/2022\\\/07\\\/cropped-NDO_logo-noir_jaune.jpg\",\"contentUrl\":\"https:\\\/\\\/nuit-des-ours.com\\\/wp-content\\\/uploads\\\/2022\\\/07\\\/cropped-NDO_logo-noir_jaune.jpg\",\"width\":512,\"height\":512,\"caption\":\"Association LA NUIT DES OURS\"},\"image\":{\"@id\":\"https:\\\/\\\/lanuitdesours.lautre.net\\\/#\\\/schema\\\/logo\\\/image\\\/\"},\"sameAs\":[\"https:\\\/\\\/www.facebook.com\\\/lanuitdesours\\\/\",\"https:\\\/\\\/www.instagram.com\\\/lanuitdesours\\\/\"]}]}<\/script>\n<!-- \/ Yoast SEO plugin. -->","yoast_head_json":{"title":"A propos de l'association - La Nuit des Ours","description":"L\u2019association a pour objet le d\u00e9veloppement et la promotion de l\u2019\u00e9v\u00e9nement culturel LA NUIT DES OURS \u00e0 Vallorcine, la vall\u00e9e des ours.","robots":{"index":"index","follow":"follow","max-snippet":"max-snippet:-1","max-image-preview":"max-image-preview:large","max-video-preview":"max-video-preview:-1"},"canonical":"https:\/\/lanuitdesours.lautre.net\/?page_id=45","og_locale":"fr_FR","og_type":"article","og_title":"A propos de l'association - La Nuit des Ours","og_description":"L\u2019association a pour objet le d\u00e9veloppement et la promotion de l\u2019\u00e9v\u00e9nement culturel LA NUIT DES OURS \u00e0 Vallorcine, la vall\u00e9e des ours.","og_url":"https:\/\/lanuitdesours.lautre.net\/?page_id=45","og_site_name":"La Nuit des Ours","article_publisher":"https:\/\/www.facebook.com\/lanuitdesours\/","article_modified_time":"2025-08-02T15:53:38+00:00","og_image":[{"width":2560,"height":1707,"url":"https:\/\/lanuitdesours.lautre.net\/wp-content\/uploads\/2022\/07\/358-scaled.jpg","type":"image\/jpeg"}],"twitter_card":"summary_large_image","twitter_misc":{"Dur\u00e9e de lecture estim\u00e9e":"1 minute"},"schema":{"@context":"https:\/\/schema.org","@graph":[{"@type":"WebPage","@id":"https:\/\/lanuitdesours.lautre.net\/?page_id=45","url":"https:\/\/lanuitdesours.lautre.net\/?page_id=45","name":"A propos de l'association - La Nuit des Ours","isPartOf":{"@id":"https:\/\/lanuitdesours.lautre.net\/#website"},"primaryImageOfPage":{"@id":"https:\/\/lanuitdesours.lautre.net\/?page_id=45#primaryimage"},"image":{"@id":"https:\/\/lanuitdesours.lautre.net\/?page_id=45#primaryimage"},"thumbnailUrl":"https:\/\/lanuitdesours.lautre.net\/wp-content\/uploads\/2022\/07\/358-scaled.jpg","datePublished":"2022-07-04T14:19:58+00:00","dateModified":"2025-08-02T15:53:38+00:00","description":"L\u2019association a pour objet le d\u00e9veloppement et la promotion de l\u2019\u00e9v\u00e9nement culturel LA NUIT DES OURS \u00e0 Vallorcine, la vall\u00e9e des ours.","breadcrumb":{"@id":"https:\/\/lanuitdesours.lautre.net\/?page_id=45#breadcrumb"},"inLanguage":"fr-FR","potentialAction":[{"@type":"ReadAction","target":["https:\/\/lanuitdesours.lautre.net\/?page_id=45"]}]},{"@type":"ImageObject","inLanguage":"fr-FR","@id":"https:\/\/lanuitdesours.lautre.net\/?page_id=45#primaryimage","url":"https:\/\/lanuitdesours.lautre.net\/wp-content\/uploads\/2022\/07\/358-scaled.jpg","contentUrl":"https:\/\/lanuitdesours.lautre.net\/wp-content\/uploads\/2022\/07\/358-scaled.jpg","width":2560,"height":1707,"caption":"Cr\u00e9dit photo: Nina Bompard"},{"@type":"BreadcrumbList","@id":"https:\/\/lanuitdesours.lautre.net\/?page_id=45#breadcrumb","itemListElement":[{"@type":"ListItem","position":1,"name":"Accueil","item":"https:\/\/lanuitdesours.lautre.net\/"},{"@type":"ListItem","position":2,"name":"A propos"}]},{"@type":"WebSite","@id":"https:\/\/lanuitdesours.lautre.net\/#website","url":"https:\/\/lanuitdesours.lautre.net\/","name":"La Nuit des Ours","description":"CR\u00c9ER C&#039;EST R\u00c9SISTER | R\u00c9SISTER C&#039;EST CR\u00c9ER","publisher":{"@id":"https:\/\/lanuitdesours.lautre.net\/#organization"},"potentialAction":[{"@type":"SearchAction","target":{"@type":"EntryPoint","urlTemplate":"https:\/\/lanuitdesours.lautre.net\/?s={search_term_string}"},"query-input":{"@type":"PropertyValueSpecification","valueRequired":true,"valueName":"search_term_string"}}],"inLanguage":"fr-FR"},{"@type":"Organization","@id":"https:\/\/lanuitdesours.lautre.net\/#organization","name":"Association LA NUIT DES OURS","url":"https:\/\/lanuitdesours.lautre.net\/","logo":{"@type":"ImageObject","inLanguage":"fr-FR","@id":"https:\/\/lanuitdesours.lautre.net\/#\/schema\/logo\/image\/","url":"https:\/\/nuit-des-ours.com\/wp-content\/uploads\/2022\/07\/cropped-NDO_logo-noir_jaune.jpg","contentUrl":"https:\/\/nuit-des-ours.com\/wp-content\/uploads\/2022\/07\/cropped-NDO_logo-noir_jaune.jpg","width":512,"height":512,"caption":"Association LA NUIT DES OURS"},"image":{"@id":"https:\/\/lanuitdesours.lautre.net\/#\/schema\/logo\/image\/"},"sameAs":["https:\/\/www.facebook.com\/lanuitdesours\/","https:\/\/www.instagram.com\/lanuitdesours\/"]}]}},"_links":{"self":[{"href":"https:\/\/lanuitdesours.lautre.net\/index.php?rest_route=\/wp\/v2\/pages\/45","targetHints":{"allow":["GET"]}}],"collection":[{"href":"https:\/\/lanuitdesours.lautre.net\/index.php?rest_route=\/wp\/v2\/pages"}],"about":[{"href":"https:\/\/lanuitdesours.lautre.net\/index.php?rest_route=\/wp\/v2\/types\/page"}],"author":[{"embeddable":true,"href":"https:\/\/lanuitdesours.lautre.net\/index.php?rest_route=\/wp\/v2\/users\/1"}],"replies":[{"embeddable":true,"href":"https:\/\/lanuitdesours.lautre.net\/index.php?rest_route=%2Fwp%2Fv2%2Fcomments&post=45"}],"version-history":[{"count":30,"href":"https:\/\/lanuitdesours.lautre.net\/index.php?rest_route=\/wp\/v2\/pages\/45\/revisions"}],"predecessor-version":[{"id":4377,"href":"https:\/\/lanuitdesours.lautre.net\/index.php?rest_route=\/wp\/v2\/pages\/45\/revisions\/4377"}],"wp:featuredmedia":[{"embeddable":true,"href":"https:\/\/lanuitdesours.lautre.net\/index.php?rest_route=\/wp\/v2\/media\/51"}],"wp:attachment":[{"href":"https:\/\/lanuitdesours.lautre.net\/index.php?rest_route=%2Fwp%2Fv2%2Fmedia&parent=45"}],"curies":[{"name":"wp","href":"https:\/\/api.w.org\/{rel}","templated":true}]}}

<p class="wp-block-paragraph">L’association <strong>LA NUIT DES OURS</strong> a pour objet le développement et la promotion de l’événement <strong><strong>LA NUIT DES OURS</strong></strong> à Vallorcine &#8211; la vallée des ours. Sa vocation est de fédérer, valoriser, créer et accueillir autour des thèmes de la nature et des arts, en particulier les arts du chemin et le spectacle vivant. Le respect de la nature et des paysages est un principe essentiel de l&rsquo;association. </p>



<figure class="wp-block-image"><img decoding="async" src="https://www.helloasso.com/assets/img/photos/rester-vivant j1-8853bae7160e400fb268bb9903b676a7.jpg" alt=""/><figcaption class="wp-element-caption">Crédits photo : Kyo Acerbis Kitayama, Nina Bompard</figcaption></figure>



<div class="wp-block-buttons is-content-justification-left is-layout-flex wp-container-core-buttons-is-layout-63375db1 wp-block-buttons-is-layout-flex">
<div class="wp-block-button is-style-outline is-style-outline--1"><a class="wp-block-button__link wp-element-button" href="https://nuit-des-ours.com/a-propos/charte-de-la-nuit-des-ours/" style="border-radius:0px">CHARTE DE L&rsquo;ASSOCIATION</a></div>



<div class="wp-block-button is-style-outline is-style-outline--2"><a class="wp-block-button__link wp-element-button" href="https://www.helloasso.com/associations/la-nuit-des-ours/adhesions/la-nuit-des-ours-adhesion-annuelle-2025" style="border-radius:0px">ADHÉRER SUR HELLOASSO</a></div>
</div>

<p>L’association LA NUIT DES OURS a pour objet le développement et la promotion de l’événement LA NUIT DES OURS à Vallorcine &#8211; la vallée des &hellip;</p>

<!-- This site is optimized with the Yoast SEO plugin v28.3 - https://yoast.com/product/yoast-seo-wordpress/ -->
<title>A propos de l&#039;association - La Nuit des Ours</title>
<meta name="description" content="L’association a pour objet le développement et la promotion de l’événement culturel LA NUIT DES OURS à Vallorcine, la vallée des ours." />
<meta name="robots" content="index, follow, max-snippet:-1, max-image-preview:large, max-video-preview:-1" />
<link rel="canonical" href="https://lanuitdesours.lautre.net/?page_id=45" />
<meta property="og:locale" content="fr_FR" />
<meta property="og:type" content="article" />
<meta property="og:title" content="A propos de l&#039;association - La Nuit des Ours" />
<meta property="og:description" content="L’association a pour objet le développement et la promotion de l’événement culturel LA NUIT DES OURS à Vallorcine, la vallée des ours." />
<meta property="og:url" content="https://lanuitdesours.lautre.net/?page_id=45" />
<meta property="og:site_name" content="La Nuit des Ours" />
<meta property="article:publisher" content="https://www.facebook.com/lanuitdesours/" />
<meta property="article:modified_time" content="2025-08-02T15:53:38+00:00" />
<meta property="og:image" content="https://lanuitdesours.lautre.net/wp-content/uploads/2022/07/358-scaled.jpg" />
	<meta property="og:image:width" content="2560" />
	<meta property="og:image:height" content="1707" />
	<meta property="og:image:type" content="image/jpeg" />
<meta name="twitter:card" content="summary_large_image" />
<meta name="twitter:label1" content="Durée de lecture estimée" />
	<meta name="twitter:data1" content="1 minute" />
<script type="application/ld+json" class="yoast-schema-graph">{"@context":"https:\/\/schema.org","@graph":[{"@type":"WebPage","@id":"https:\/\/lanuitdesours.lautre.net\/?page_id=45","url":"https:\/\/lanuitdesours.lautre.net\/?page_id=45","name":"A propos de l'association - La Nuit des Ours","isPartOf":{"@id":"https:\/\/lanuitdesours.lautre.net\/#website"},"primaryImageOfPage":{"@id":"https:\/\/lanuitdesours.lautre.net\/?page_id=45#primaryimage"},"image":{"@id":"https:\/\/lanuitdesours.lautre.net\/?page_id=45#primaryimage"},"thumbnailUrl":"https:\/\/lanuitdesours.lautre.net\/wp-content\/uploads\/2022\/07\/358-scaled.jpg","datePublished":"2022-07-04T14:19:58+00:00","dateModified":"2025-08-02T15:53:38+00:00","description":"L’association a pour objet le développement et la promotion de l’événement culturel LA NUIT DES OURS à Vallorcine, la vallée des ours.","breadcrumb":{"@id":"https:\/\/lanuitdesours.lautre.net\/?page_id=45#breadcrumb"},"inLanguage":"fr-FR","potentialAction":[{"@type":"ReadAction","target":["https:\/\/lanuitdesours.lautre.net\/?page_id=45"]}]},{"@type":"ImageObject","inLanguage":"fr-FR","@id":"https:\/\/lanuitdesours.lautre.net\/?page_id=45#primaryimage","url":"https:\/\/lanuitdesours.lautre.net\/wp-content\/uploads\/2022\/07\/358-scaled.jpg","contentUrl":"https:\/\/lanuitdesours.lautre.net\/wp-content\/uploads\/2022\/07\/358-scaled.jpg","width":2560,"height":1707,"caption":"Crédit photo: Nina Bompard"},{"@type":"BreadcrumbList","@id":"https:\/\/lanuitdesours.lautre.net\/?page_id=45#breadcrumb","itemListElement":[{"@type":"ListItem","position":1,"name":"Accueil","item":"https:\/\/lanuitdesours.lautre.net\/"},{"@type":"ListItem","position":2,"name":"A propos"}]},{"@type":"WebSite","@id":"https:\/\/lanuitdesours.lautre.net\/#website","url":"https:\/\/lanuitdesours.lautre.net\/","name":"La Nuit des Ours","description":"CRÉER C&#039;EST RÉSISTER | RÉSISTER C&#039;EST CRÉER","publisher":{"@id":"https:\/\/lanuitdesours.lautre.net\/#organization"},"potentialAction":[{"@type":"SearchAction","target":{"@type":"EntryPoint","urlTemplate":"https:\/\/lanuitdesours.lautre.net\/?s={search_term_string}"},"query-input":{"@type":"PropertyValueSpecification","valueRequired":true,"valueName":"search_term_string"}}],"inLanguage":"fr-FR"},{"@type":"Organization","@id":"https:\/\/lanuitdesours.lautre.net\/#organization","name":"Association LA NUIT DES OURS","url":"https:\/\/lanuitdesours.lautre.net\/","logo":{"@type":"ImageObject","inLanguage":"fr-FR","@id":"https:\/\/lanuitdesours.lautre.net\/#\/schema\/logo\/image\/","url":"https:\/\/nuit-des-ours.com\/wp-content\/uploads\/2022\/07\/cropped-NDO_logo-noir_jaune.jpg","contentUrl":"https:\/\/nuit-des-ours.com\/wp-content\/uploads\/2022\/07\/cropped-NDO_logo-noir_jaune.jpg","width":512,"height":512,"caption":"Association LA NUIT DES OURS"},"image":{"@id":"https:\/\/lanuitdesours.lautre.net\/#\/schema\/logo\/image\/"},"sameAs":["https:\/\/www.facebook.com\/lanuitdesours\/","https:\/\/www.instagram.com\/lanuitdesours\/"]}]}</script>
<!-- / Yoast SEO plugin. -->

L’association a pour objet le développement et la promotion de l’événement culturel LA NUIT DES OURS à Vallorcine, la vallée des ours.

Crédit photo: Nina Bompard

CRÉER C&#039;EST RÉSISTER | RÉSISTER C&#039;EST CRÉER
